igit of p(10)?
7
Let u(v) = -7*v**3 + 8*v**2 - 8*v - 60. What is the thousands digit of u(-7)?
2
Let k(h) = -292*h**3 - h. What is the units digit of k(-1)?
3
Let a(l) = -l**3 - 3*l**2 + l + 11. What is the units digit of a(-3)?
8
Suppose -20*v = -9933 + 3633. What is the hundreds digit of v?
3
Let o = -121 - -629. What is the units digit of o?
8
Suppose 3*z + 5*c + 45 = 2*z, 0 = -2*z - 3*c - 62. Suppose -g + 42 = 4*p - 6, -73 = -5*p + 2*g. Let s = p - z. What is the units digit of s?
8
Suppose 6*v - 345 - 1383 = 0. What is the tens digit of v?
8
Let y be (12/21)/(-1 - 69/(-63)). What is the units digit of 8/(-12) - (-544)/y?
0
Suppose -5 = 5*w, 3*p + 57 = -4*w + 230. Let m = 97 - p. What is the tens digit of m?
3
Let h(x) = -268*x - 157. What is the units digit of h(-11)?
1
Let z be 40/6 + 30/(-45). Suppose g - 2 = -z, j = -4*g + 3. What is the tens digit of j?
1
Let l(v) = -2*v - 10. Let i be l(-10). Suppose 0 = -2*n - 0*p + 2*p + i, 0 = -2*p + 6. What is the units digit of n?
8
Suppose -17*h = -12*h - 35. What is the units digit of h?
7
Suppose -4*j + 0*f + 21 = -5*f, j - 9 = 2*f. Let l be 0/j*3/(-3). Suppose 2*w + 6 = -4, -3*o - 4*w - 5 = l. What is the units digit of o?
5
What is the tens digit of 74745/120 + -2 + 1/8?
2
Suppose 4*g - g = 9. Let w be (-2)/(-1 + g) - 3. What is the units digit of (14/w)/(5/(-10))?
7
Let i be 88/(-16)*8/(-22). Suppose -6*q - 221 = -4*j - 3*q, 111 = i*j - q. What is the tens digit of j?
5
Let n(l) = 2*l**3 + l**2 - 5*l + 1. Let v be 2 - 2 - (3 + (-30)/6). What is the units digit of n(v)?
1
Let u = -190 + 408. What is the hundreds digit of u?
2
Let a(r) = 336*r**3 - 3*r**2 + 2*r - 1. What is the tens digit of a(1)?
3
Let q be 2*1/1 + 4 + -3. Suppose q*b = d - 8, b - 8 = -d - b. What is the units digit of d?
8
Let j = -187 + 459. What is the tens digit of j?
7
Let k = 1486 - 903. What is the tens digit of k?
8
Suppose 0*u = -0*u + 2*u. Suppose x + 3 = u, d - 2*x = 3*x + 102. What is the tens digit of d?
8
Suppose 4*s - r - 181 = 0, 3*r + 175 = 4*s - 0*r. What is the units digit of s?
6
Let i(b) = 3*b**2 + b + 10. Let u be i(-8). Let a = 288 - u. What is the tens digit of a?
9
Suppose 5*j = l - 1407, 2*l - 1619 = -5*j + 1225. What is the units digit of l?
7
Suppose 3*f = k - 29, 4*k - 22 - 49 = -3*f. Suppose 22*t = k*t + 94. What is the units digit of t?
7
Let t(w) be the second derivative of -13*w**3/3 - w. Suppose -14*j + 16*j = -2. What is the units digit of t(j)?
6
Let s = 28 - 22. Suppose 0*f - 2*f = s. What is the tens digit of 62/6*(0 - f)?
3
Let w(x) = x**2. Let u be w(3). Let n be ((-6)/u)/(2/15). Let a = n - -8. What is the units digit of a?
3
Let g = -1637 + 2741. What is the thousands digit of g?
1
Let z(n) = n**3 - 2*n**2 - 2*n - 3. Let m be z(3). Suppose m = q - 2 - 6. What is the units digit of q?
8
Suppose 402*b - 5*s + 1479 = 404*b, -b = -5*s - 717. What is the hundreds digit of b?
7
Let b = -15 - -21. Suppose -4*z = 4*p - 260, p + z = b*z + 47. What is the units digit of p?
2
Let d(l) = -1 - 1 + 9 + 3*l - 2*l. Let q be d(10). Suppose -b + 2*i = -3*i - q, 3*b - 99 = -i. What is the units digit of b?
2
Let a(g) = g**2 + 29*g + 55. What is the hundreds digit of a(-36)?
3
Suppose -c + 4 = -h, -h - 3 = -4. Suppose c = m + 1. What is the units digit of m?
4
Let y(p) = p**3 - 15*p**2 - 15*p + 12. Let k be y(16). What is the units digit of 397/7 + k/98?
7
Suppose 3*r = -4 + 94. Suppose 0 = p + 2, r = o - 5*p - 32. What is the units digit of 8/o - (-11)/13?
1
Let d = 50 - 98. Let x = d + 84. Suppose 4*l - x = 208. What is the units digit of l?
1
Let d(m) = m**3 + 19*m**2 + 14*m - 31. What is the tens digit of d(-18)?
4
What is the thousands digit of 1/(1/1156) + (4 - 7)?
1
Suppose 0 = -5*t + 62 + 28. Let h = t + -18. What is the units digit of 27/3 - h - 3?
6
Suppose -7*z - 42 = -4*z. Let w be (2 + 0)*z/(-4). Let o(h) = h**3 - 6*h**2 - 7*h + 10. What is the tens digit of o(w)?
1
Suppose 2*a = -2*w + 4624, 0 = -5*w - 7*a + 12*a + 11510. What is the thousands digit of w?
2
Suppose -108*u + 60 = -104*u. Suppose -5*b = u, -4*b - 70 = -p - b. What is the tens digit of p?
6
Let o = -1019 + 1847. What is the tens digit of o?
2
Suppose 21 = 4*t + 49. What is the tens digit of 4*(-8)/224 - 1576/t?
2
Suppose -16*t + 32 = -14*t. Suppose -4*z + t = -0. What is the units digit of 1660/24 - z/24?
9
What is the thousands digit of (88/(-16) - -6)*14110/5?
1
Suppose 0 = -2*g - 616 + 6042. What is the thousands digit of g?
2
Suppose -p - 5*f + 419 = 0, 5*f + 7 = 2. What is the units digit of p?
4
Let n(u) = u**3 - 56*u**2 + 18*u + 92. What is the units digit of n(56)?
0
Let s(p) = -p**3 + 16*p**2 - p + 24. Let o be s(16). What is the tens digit of ((-22)/2)/((-2)/o)?
4
Let u = 54 - 52. What is the tens digit of (3/(-6))/1*(u + -304)?
5
Suppose -37*s - 4215 + 10801 = 0. What is the tens digit of s?
7
Let b(q) = -27*q - 48. Let g be b(-18). Let r = g - 279. What is the tens digit of r?
5
What is the tens digit of ((-2484)/14)/(-6 - 410/(-70))?
4
Let l = -643 + 1115. What is the units digit of l?
2
Suppose -4 = -o + 2*v, o - 6 = 2*o + 3*v. Suppose 5*m - 30 = -o*m. What is the units digit of m?
6
Let a(u) = 20*u - 46. Let i(m) = 19*m - 48. Let d(s) = 7*a(s) - 6*i(s). What is the hundreds digit of d(8)?
1
What is the units digit of (-1 + -760)*(-139 - -137)?
2
Let i = -57 + 11. Let v = 97 + i. Let q = 80 - v. What is the tens digit of q?
2
Let c = 938 - 88. What is the units digit of c?
0
Suppose 20*r - 621 - 679 = 0. Let d = 19 + -27. Let j = d + r. What is the units digit of j?
7
Suppose 1570 = -5*u + 15*u. Suppose -60 = d - u. What is the units digit of d?
7
Let v be 72/(-54)*(-3)/(-2). What is the units digit of ((-129)/6)/(v/4)?
3
What is the tens digit of (-20)/8*(-14802)/15?
6
Let u(p) = 119*p**2 - 39*p + 104. What is the hundreds digit of u(3)?
0
Suppose 0 = -253*b + 245*b + 7296. What is the hundreds digit of b?
9
Suppose 3*s + 5*o = 2513, -7*o = 3*s - 8*o - 2489. What is the units digit of s?
1
Suppose -5*x + 7 + 3 = 0. Let k be (x - -1) + -4 + 5. Suppose -k = z - 24. What is the units digit of z?
0
Suppose -u - 550 = -3*m, -5*m - u = -6*u - 930. What is the hundreds digit of m?
1
Let t(b) = 260*b**2 - 2*b - 7. What is the thousands digit of t(2)?
1
Suppose s - 2 = 2, 0 = -2*g + 5*s + 12. Suppose 48 = -4*b + g. Let y = b + 25. What is the tens digit of y?
1
Suppose 2*c = 3*n + 3941, -5*n - 4868 = -5*c + 4982. What is the tens digit of c?
6
Suppose 2*k - 3*d - 23 = -2*k, -3*k - d + 1 = 0. Suppose -4*r - 4*m + 260 = -9*m, -k*r + 136 = -m. What is the units digit of r?
0
Suppose -5*i + 3445 + 195 = 0. What is the hundreds digit of i?
7
Suppose 4*b - 2*b - 8 = 0. Suppose 26 = c + 2*g, -b*c - 20 + 136 = 2*g. What is the tens digit of c?
3
Suppose 100 = 2*z + 22. Suppose g + 51 = 3*n, 2*n - g = -2*g + z. What is the units digit of n?
8
Let m = -40 - -40. Suppose l + 5 = -3*o + 73, -4*l - 4 = m. What is the units digit of o?
3
Let h = -7 + 8. What is the hundreds digit of (h + 0)/(2 + 714/(-358))?
1
Suppose 184*a - 172*a - 9720 = 0. What is the units digit of a?
0
Suppose -2*m + 7*m = -3*f + 5, 0 = -4*f. What is the units digit of (-145 + 13)*m/(-2)?
6
Let h(b) = -b**2 + 20*b - 4. What is the units digit of h(10)?
6
Let w be (-4)/(-8)*(2 - 6). Let i be 1 + w + -3 + -27. Let h = i - -44. What is the tens digit of h?
1
Let s be ((-4)/6)/(8/84). Let b be (140/16)/s*-4. Suppose b*x = -73 + 298. What is the tens digit of x?
4
Let q be (1 - 1) + (-4)/(-2). Suppose q*r - 84 = -2*r. Suppose 3*m = 2*m + r. What is the units digit of m?
1
Let n be 28/(-182) - (-54)/13. Suppose 0 = -5*x + n*x + 3, x = -3*p + 9. Suppose -p*s - 105 = -5*s. What is the units digit of s?
5
Let p be (-11)/(-4) + (-1)/(-4). Let j(d) = -1 - 5*d + 9*d + 11*d. What is the units digit of j(p)?
4
Let u = 5 - 2. Let g(w) = 2*w**2 + w - 2. Let o(q) = 4*q**2 + 2*q - 3. Let l(z) = -5*g(z) + 3*o(z). What is the tens digit of l(u)?
2
Let v(n) = 3*n**3 + 27*n - 73. What is the units digit of v(4)?
7
Let i(f) = f + 1. Suppose -5*u + 28 = 4*l + 7, u - 9 = -2*l. Let w(x) = -9*x - 6. Let m(p) = u*i(p) - w(p). What is the units digit of m(4)?
7
Suppose 0 = 6*z - 1458 + 282. What is the hundreds digit of z?
1
Let p be (25 - -1) + (16 - 18). What is the units digit of 